
6
Suppose 780501 + 672394 = 67*x. What is the tens digit of x?
8
Suppose -2*j + 7 + 3 = 0. Suppose 38*o - 39*o + j = 0. Suppose o*d - 537 = -112. What is the units digit of d?
5
Let j(r) = -r**3 + r**2 + r + 11. Let v be j(0). Suppose v*g - 12 + 144 = 0. What is the units digit of (-18)/g + (-508)/(-8)?
5
Let d = 106 - 108. What is the units digit of 81/d*884/(-78)?
9
Let r = -63658 - -95691. What is the hundreds digit of r?
0
Suppose 501*r + 826116 = 630*r. What is the units digit of r?
4
Let l be -6 + 2 + 3 - 93*-2. Let a(c) = 2*c**2 + 2*c + 5. Let s be a(-4). Let m = l - s. What is the units digit of m?
6
Suppose -2*s = -36 - 80. Suppose -52*u + 50*u + s = 0. Suppose -u*i = -27*i - 18. What is the units digit of i?
9
Let n(h) = -2*h**3 - 60*h**2 - 18*h - 34. Let q(x) = 6*x + 24. Let g be q(-9). What is the hundreds digit of n(g)?
5
Suppose -3*f + 4*i - 2*i = -33564, 4*f - 44724 = -2*i. What is the thousands digit of f?
1
Suppose -4*r + 22 = -2*i, -2*r - i = -3*r + 7. Suppose -r*v - 109 = -37. What is the units digit of 12/10*(3 - 906/v)?
4
Let m be ((-6)/(-15))/((-1)/(-370)). Let t = -9312 + 9383. Let a = t + m. What is the units digit of a?
9
Let v(g) = -g**3 + 4 + 12*g**3 - 5*g + 13*g**2 + 46*g - 16*g**3. What is the units digit of v(-3)?
3
What is the thousands digit of -7 - ((-9 - (-4 + -1)) + 4 - 39763)?
9
Let i be ((-152)/6)/((-3)/(-9)). Let b = i + 284. What is the units digit of b?
8
Let s(i) = -113*i**2 - 2*i + 6. Let c be s(4). Let g = 1078 + c. What is the tens digit of (-3)/(-21) - g/21?
3
Suppose 0 = -7*h + 7 + 7. Suppose -1936 = h*v - 6*v - y, -5*y = 4*v - 1936. What is the units digit of v?
4
Let z = 18852 + -16187. What is the units digit of z?
5
Let v be (-4)/(4 + -2 + (-30)/9). Suppose v*r = 6 + 6. Suppose 6*c + 485 = 3*y + 4*c, -r*c = -y + 155. What is the units digit of y?
3
Let m = 448 + -576. Let s = 225 + m. What is the units digit of s?
7
Let o be 1/(-1) + (19 - 6 - 8). What is the hundreds digit of (-2)/o - (-12719)/46?
2
Let q(o) = 270*o + 322. What is the tens digit of q(31)?
9
Suppose 2*d + 12*d - 1302 = 0. Suppose 3059 + d = 8*l. Suppose -156 = -11*x + l. What is the tens digit of x?
5
Let s = -2075 + 3707. What is the units digit of (-12)/(-78) + s/39?
2
What is the tens digit of (-444)/777 + (-5216)/(-14)?
7
Suppose -143*k + 135*k + 235208 = 0. What is the tens digit of k?
0
Let u = 11961 - 6320. What is the thousands digit of u?
5
Let s = -12643 - -28523. What is the thousands digit of s?
5
Let k = 6976 - 6265. What is the hundreds digit of k?
7
Let y be 0 + 88/7 - (-56)/(-98). Suppose 0 = -g - y*k + 10*k + 593, g - 608 = k. What is the units digit of g?
3
Suppose -4*i - 3*r - 6 = -6*r, -2 = -r. Suppose 67*h - 2480 = 59*h. Suppose i = 4*b - 3*x + 6*x - 309, -h = -4*b - 2*x. What is the units digit of b?
8
What is the thousands digit of (-991368)/(-252)*((-30)/4)/(-3)?
9
Suppose -5*m - 4*t + 86 = 0, 4*t + 6 = m + 2*t. Suppose 2*v - 4 = m. What is the tens digit of (v/15)/(2/310)?
9
Suppose 331 = v + 13*n - 17*n, 0 = 4*v + 5*n - 1366. Suppose -1485 = -3*f - v. What is the units digit of f?
2
Suppose 13 = -5*s - 42. Let i = 25 + s. Suppose 10*p - i*p = -676. What is the units digit of p?
9
Let b be -12*(-2)/4*13. Suppose 16*j - 110 = -6*j. Suppose -b = -8*y + j*y. What is the tens digit of y?
2
Let n(j) = -178*j - 13. Suppose 10 = -5*q - z - 9, 0 = -3*z + 3. What is the tens digit of n(q)?
9
Let n be (-9 + 3 - -3) + (-3)/(-1). Let p(b) = b**3 + 9*b**2 + 284. What is the units digit of p(n)?
4
Suppose 17*w + 9595 = -2*w. Let x = w - -953. Suppose -2*b = -4*y + x, 4*y + 2*b = -0*b + 464. What is the units digit of y?
4
What is the ten thousands digit of (17161/2)/(300/600)?
1
Let v(b) = 22*b - 85. Let a be v(4). Suppose -a*c + 4370 = 5*l, 3*c - c + 1748 = 2*l. What is the units digit of l?
4
Let z(x) = x + 12. Let q be z(-9). Let p be 0 - (q + 0 + 1). Let n(v) = -2*v**3 - 6*v**2 - v - 2. What is the units digit of n(p)?
4
Let z be 0 + 5 - (0 - -3). Suppose 12 = -z*m - 0. What is the tens digit of ((-2)/m)/((-5)/(-615))?
4
What is the hundreds digit of -11 - ((-396)/(-1782) + 254369/(-9))?
2
Let q be -7 + 4 + 11 + -2. Suppose -3*x + q*x = 474. Suppose -h = h - x. What is the tens digit of h?
7
Suppose -4*v = -w + 610, -8*v + 7*v - 3*w = 159. Suppose -3*u - 816 = -0*u. Let x = v - u. What is the hundreds digit of x?
1
Let j(r) = 2*r**2 + 2*r. Let l be j(0). Suppose 0 = 3*g + 2*t - 206, -3*g - t + 3*t + 226 = l. What is the hundreds digit of ((g/10)/9)/(1/145)?
1
Let a = 1927 - -10988. What is the ten thousands digit of a?
1
Suppose 0 = 234*l + 123*l - 12465726. What is the thousands digit of l?
4
Let j be (-6)/9 - (-640)/6. Let u = j - -76. Suppose 3*n - 558 = -3*o, 3*o + u = 4*n + 726. What is the units digit of o?
4
Let t(h) = 30*h**3 + 4*h**2 - 6. Let v be t(-2). What is the units digit of (v/4 - 0)/(18/(-36))?
5
Let d = -858 + 230. Let z = d + 1276. What is the hundreds digit of z?
6
Let i(m) = -m + 4. Let v be i(4). Suppose -24*d + 21*d + 60 = v. Suppose l - d - 61 = 0. What is the units digit of l?
1
Suppose -11*f + 60 = -7*f. Let a be (-70)/f - -4 - 2483/(-3). Suppose -a = -o - 4*o - 2*k, 175 = o - 2*k. What is the hundreds digit of o?
1
Suppose 0 = -5*r - 1287 - 13. Let u be 18942/315 - 4/30. What is the tens digit of u/25*r/(-6)?
0
Let o = 1211 - -1930. What is the hundreds digit of o?
1
Let x = 252 - 205. Let b = 753 - x. What is the units digit of b?
6
Suppose 3*r = 4*z - 23116, -3*z + 57*r = 59*r - 17354. What is the tens digit of z?
8
Suppose 5*f + d - 10 = 0, 0 = -11*f + 9*f + 3*d + 21. What is the tens digit of 6/((-6)/f)*(5 + -18)?
3
Let r(i) = -270*i - 7918. What is the thousands digit of r(-58)?
7
Let z = 85 + -60. Let h(p) = 2*p + 10 + 10*p + 2*p - z. What is the tens digit of h(6)?
6
Suppose 2*u - 4*s - 14 = 0, -3*u - 2*s - 24 = s. What is the tens digit of 4*(-1 - (1092/16)/u)?
8
Let o be (-34 - (-9 - -5))/((-2)/(-52)). Let u = 1273 + o. What is the hundreds digit of u?
4
Suppose -149*d + 148*d + 27333 = 3*j, 5*j - 2*d - 45566 = 0. What is the hundreds digit of j?
1
Let i(z) = 11*z**2 - 25*z - 7. Let j be ((-42)/(-9))/(4/(-6)). Let d(g) = -g**2 - 9*g - 8. Let a be d(j). What is the hundreds digit of i(a)?
2
Let t(j) = 1124*j**2 - 11*j - 65. Let l be t(-4). Suppose l = 98*c - 87*c. What is the tens digit of c?
3
Let g be 24/30 + (-32)/(-10) + 523. Let o = 1125 - g. What is the units digit of o?
8
Suppose -2*g = -174*w + 170*w + 159218, -g = 3*w - 119401. What is the thousands digit of w?
9
Let i(y) be the first derivative of -9*y**2/2 + 19*y + 15. Let t be i(11). Let j = t - -86. What is the units digit of j?
6
Suppose 6*q = -2*v + 81448, -3*v + 8*v - 67870 = -5*q. What is the tens digit of q?
7
Let g be 3 - (637 - 6)*-1. Suppose 4*i = -g + 3434. What is the hundreds digit of i?
7
Let b be ((-21)/(-14))/(-2*(-1)/136). Suppose -4*v = 0, c - v - 4 = -b. Let z = -65 - c. What is the tens digit of z?
3
What is the ten thousands digit of 11 + (-520)/(-650) + 52921/5?
1
Suppose -401*c - 18711 = -428*c. What is the units digit of c?
3
Suppose -1592*f + 1593*f = 5386. Suppose -s = 4*s - 5*u - 5370, f = 5*s - u. What is the thousands digit of s?
1
Let l(i) = 8*i**2 - 17*i**2 + 47*i - 59*i - i**3 - 22. Let x be l(-8). What is the hundreds digit of x/(-4)*(-1130)/25 + 0?
1
Suppose -12 = -3*y, 2*p - 1020 = -48*y + 44*y. What is the units digit of p?
2
Suppose 768530 = -46*t + 81*t. What is the thousands digit of t?
1
Suppose 0 = -2*y - z + 25 + 1324, 0 = 4*y - 5*z - 2705. Let g = y + -373. Suppose a + u + g = 4*a, 0 = -5*a + 4*u + 508. What is the tens digit of a?
0
Let m be 6/(-24) - (-30)/(-8). Let w = 14 + m. Suppose 3*k = w*k - 42. What is the units digit of k?
6
Let j be ((-2)/(-4))/(1/(-196)). Let w be (-54 + -149 - (-1 + 4))/(1/1). Let f = j - w. What is the hundreds digit of f?
1
Let v(l) = 4*l**3 + 3*l**3 + l**3 + 2*l**3 - 1 + l**2. Let y be v(-1). What is the units digit of (y/(-6) - 1) + (-364)/(-12)?
1
What is the ten thousands digit of 5/2 + -3 - -31835*(-80)/(-32)?
7
What is the thousands digit of (83/2)/((-33)/(-8778))?
1
Let s be 44/12 + (-8)/12. Suppose -i = -3*u + 3*i + 680, 3*i + 675 = s*u. What is the tens digit of u?
2
Let g be 3/((-9)/(-168)) + 1 + -1. Let x = g - 51. Suppose 3*b 